
In base 2, what is 110011 - 101?
101110
In base 12, what is 2 + 2b?
31
In base 14, what is -1 - 1c2?
-1c3
In base 2, what is 1 - 110001?
-110000
In base 16, what is -3 + -438?
-43b
In base 14, what is -4 - 3d?
-43
In base 12, what is 537 + 0?
537
In base 9, what is -13 + -15?
-28
In base 6, what is -3 - 1201?
-1204
In base 10, what is -100 + 0?
-100
In base 14, what is 112 + -5?
10b
In base 15, what is 4 - cdd?
-cd9
In base 9, what is 0 + -15?
-15
In base 2, what is -1011 - 101?
-10000
In base 8, what is 4 - -132?
136
In base 15, what is 4 - -240?
244
In base 2, what is -10 + 11?
1
In base 14, what is -429 + 4?
-425
In base 11, what is -7916 + 2?
-7914
In base 7, what is 55 + 1323?
1411
In base 2, what is -100000 - 11?
-100011
In base 16, what is 4 - -39?
3d
In base 15, what is -3 + -8d?
-91
In base 15, what is e + 63?
72
In base 8, what is -46 + -317?
-365
In base 8, what is -1033 + 0?
-1033
In base 16, what is -969 + -1?
-96a
In base 5, what is -22 - 442?
-1014
In base 12, what is -1 + -829?
-82a
In base 8, what is -52 + 224?
152
In base 4, what is -3 + 30310?
30301
In base 15, what is -5 + b?
6
In base 11, what is -3550 + 0?
-3550
In base 3, what is -20 + 1211?
1121
In base 13, what is 59 + -2?
57
In base 5, what is 434 - 10?
424
In base 8, what is -5 - 264?
-271
In base 9, what is 116 - 1?
115
In base 12, what is 23 + 5?
28
In base 3, what is 210122 + 2?
210201
In base 5, what is 10300 + 1?
10301
In base 7, what is -5 + -1210?
-1215
In base 10, what is 2598 - -3?
2601
In base 15, what is 26 - -2?
28
In base 8, what is 1 - 7625?
-7624
In base 6, what is -403 - 124?
-531
In base 8, what is -366 - 7?
-375
In base 4, what is 2330 + 33?
3023
In base 12, what is 15 - -1a9?
202
In base 5, what is 1000 + 2?
1002
In base 8, what is 6 - -556?
564
In base 12, what is 5 + 394?
399
In base 11, what is 163 - 3?
160
In base 11, what is -336 + 4?
-332
In base 9, what is -10 - -34?
24
In base 7, what is 11 - 105?
-64
In base 11, what is 1 + 231?
232
In base 11, what is -28 + 70?
43
In base 5, what is 331 - 11?
320
In base 15, what is 28 + 8?
31
In base 14, what is -6d5 - -1?
-6d4
In base 10, what is 14065 - 4?
14061
In base 9, what is -3 - -147?
144
In base 14, what is 3c + -1?
3b
In base 14, what is 80 + -45?
39
In base 4, what is 232 - 11011?
-10113
In base 14, what is 52 - -23?
75
In base 13, what is 5 - -74?
79
In base 3, what is 12100 - -10?
12110
In base 13, what is 3 + -37?
-34
In base 10, what is 44 + 2?
46
In base 13, what is a + 29?
36
In base 9, what is 2 - 133?
-131
In base 3, what is 2011 + 1?
2012
In base 4, what is -12 - -3?
-3
In base 10, what is 3 + -36?
-33
In base 9, what is 261 - -3?
264
In base 13, what is 5 - 15a?
-155
In base 15, what is 5 - 2eb?
-2e6
In base 16, what is -e6 - 5?
-eb
In base 9, what is -2 - 151?
-153
In base 3, what is 112 - -212?
1101
In base 9, what is -1 + -1247?
-1248
In base 11, what is -1909 + -12?
-1920
In base 3, what is 1211 + -212?
222
In base 15, what is -c67 - 3?
-c6a
In base 8, what is 6553 - 3?
6550
In base 15, what is -2db - 3?
-2de
In base 13, what is -520b + 0?
-520b
In base 9, what is -466 + 3?
-463
In base 9, what is 32 + 5?
37
In base 3, what is 20211 + 12?
21000
In base 7, what is -3406 + 5?
-3401
In base 9, what is -5 - 8?
-14
In base 9, what is -3 - -1?
-2
In base 10, what is 3 - -6028?
6031
In base 6, what is -2001 + -23?
-2024
In base 15, what is 5 + a72?
a77
In base 7, what is 4 - -232?
236
In base 16, what is 68e3 + -4?
68df
In base 12, what is 2985 + 1?
2986
In base 14, what is -1745 + -2?
-1747
In base 13, what is 72 - 5?
6a
In base 10, what is 462 + -2?
460
In base 11, what is 17 + 2?
19
In base 7, what is 3 + 2341?
2344
In base 8, what is 3601 + -2?
3577
In base 4, what is 212 + -3?
203
In base 9, what is -2 - -41?
38
In base 9, what is -5 + 2?
-3
In base 15, what is -1e8 - 5?
-1ed
In base 13, what is -2 - 32?
-34
In base 14, what is 0 - -65?
65
In base 2, what is 1000011 - -101001001?
110001100
In base 10, what is 36 - -60?
96
In base 7, what is -5 - -51?
43
In base 16, what is 3 - 9?
-6
In base 8, what is 211 - -1?
212
In base 8, what is 5453 + -2?
5451
In base 12, what is 107 + 46?
151
In base 7, what is -1 + 120?
116
In base 5, what is 2 + 40233?
40240
In base 8, what is -660 - 25?
-705
In base 9, what is 1687 + -1?
1686
In base 3, what is 21 + 210?
1001
In base 13, what is -18 + a?
-b
In base 12, what is 39b1 + 1?
39b2
In base 8, what is 3073 + -1?
3072
In base 16, what is -3b8 + 1?
-3b7
In base 6, what is 53 - 20?
33
In base 10, what is 121 + 86?
207
In base 10, what is -9 + 17?
8
In base 16, what is 0 + -9?
-9
In base 6, what is -5 + -1144?
-1153
In base 14, what is cd + c?
db
In base 4, what is 13022 - 10?
13012
In base 16, what is df - 4?
db
In base 6, what is -1 - -5554?
5553
In base 13, what is 51 - -12?
63
In base 12, what is a5 - b?
96
In base 10, what is -4 - 38?
-42
In base 10, what is 4 - 562?
-558
In base 6, what is 150 - 0?
150
In base 13, what is 3 - -148?
14b
In base 4, what is -1212 - 2?
-1220
In base 13, what is 20 + 59?
79
In base 16, what is 5 + -97?
-92
In base 7, what is -5 - -415?
410
In base 14, what is 3467 - -4?
346b
In base 11, what is -12 + 47?
35
In base 12, what is -1 - 1a6?
-1a7
In base 7, what is 1 - 6160?
-6156
In base 2, what is -100011101111 + 101?
-100011101010
In base 13, what is 90 - 1?
8c
In base 9, what is 5 - 30?
-24
In base 8, what is -42 - -355?
313
In base 10, what is 24 - -48?
72
In base 7, what is 1 + -16?
-15
In base 4, what is -11333 - -13?
-11320
In base 9, what is -530 - 44?
-574
In base 10, what is -85 - -229?
144
In base 3, what is 1 - -11220?
11221
In base 7, what is 2 - -140?
142
In base 12, what is 18 + 10?
28
In base 5, what is -133002 - -10?
-132442
In base 9, what is -4 - 4620?
-4624
In base 15, what is 4 - 6c?
-68
In base 4, what is -1 - -120?
113
In base 14, what is 23a - -7?
243
In base 6, what is 0 + 1454?
1454
In base 6, what is 2544 + 5?
2553
In base 11, what is 59 - 13?
46
In base 6, what is -2 - 1353?
-1355
In base 10, what is -30 + -201?
-231
In base 9, what is 0 - 20?
-20
In base 4, what is 2011 - 3?
2002
In base 15, what is 0 - -3b?
3b
In base 14, what is 10 - 3d?
-2d
In base 11, what is 5 + 68?
72
In base 15, what is -800 - -3?
-7ec
In base 8, what is -57 - 203?
-262
In base 4, what is -3123 + 1?
-3122
In base 11, what is 4 - 102?
-a9
In base 3, what is 10000220 - -11?
10001001
In base 3, what is -1002210 - 11?
-1002221
In base 16, what is -130 - -7?
-129
In base 13, what is -4a9 + -5?
-4b1
In base 14, what is 61 - -33?
94
In base 2, what is -1001001 - 0?
-1001001
In base 7, what is -136 - -2?
-134
In base 14, what is 76 + c?
84
In base 9, what is -55 - 4?
-60
In base 3, what is -1 + 1000?
222
In base 3, what is 201212021 - 12?
201212002
In base 14, what is -392b - 5?
-3932
In base 13, what is -148b - -1?
-148a
In base 14, what is 4 + -51?
-4b
In base 4, what is -10 + 20202?
20132
In base 12, what is 13 - -6b?
82
In base 16, what is 3 - 1f?
-1c
In base 3, what is 120 + -1111?
-221
In base 2, what is 100 + -11010110111?
-11010110011
In base 6, what is -333 + -121?
-454
In base 11, what is 4 - 2582?
-2579
In base 2, what is 1111 + -1011101111?
-1011100000
In base 10, what is -689 - 3?
-692
In base 7, what is -165 + -22?
-220
In base 4, what is 10322 - -1?
10323
In base 4, what is 12 - 21321?
-21303
In base 10, what is -340 + 4?
-336
In base 11, what is 9 + -11?
-3
In base 3, what is 110012010 - -10?
110012020
In base 7, what is 1 + 11454?
11455
In base 13, what is 2 + 5c?
61
In base 7, what is 2 + 25113?
25115
In base 5, what is -403 - -13?
-340
In base 9, what is 305 + 7?
313
In base 5, what is -4 + -11?
-20
In base 7, what is -5131 + 3?
-5125
In base 2, what is -1001 + 11101?
10100
In base 16, what is 2a1 + -1?
2a0
In base 8, what is -3 - -30?
25
In base 9, what is -14 + -307?
-322
In base 4, what is 10 + -3232?
-3222
In base 16, what is -6 - 11?
-17
In base 2, what is 1111011 - 111?
1110100
In base 10, what is 39 + -1?
38
In base 16, what is 3 - -19?
1c
In base 14, what is -4 + -3151?
-3155
In base 5, what is 2 - -11431?
11433
In base 16, what is 4 - -c?
10
In base 13, what is 1 - -30?
31
In base 13, what is -12 + -956?
-968
In base 7, what is 20556 + 5?
20564
In base 5, what is -134 - 4?
-143
In base 3, wh